{"id":1222,"date":"2017-07-20T13:58:38","date_gmt":"2017-07-20T13:58:38","guid":{"rendered":"http:\/\/morsel.edge-themes.com\/?page_id=1222"},"modified":"2025-09-04T11:31:44","modified_gmt":"2025-09-04T09:31:44","slug":"splitscreen-slider","status":"publish","type":"page","link":"http:\/\/aliceetcoco.be\/","title":{"rendered":"Home"},"content":{"rendered":"<p>[vc_row][vc_column]<div class=\"edgt-vertical-split-slider \"><div class=\"edgt-vss-ms-left\"><div class=\"edgt-vss-ms-section\"  style=\"background-image: url(http:\/\/aliceetcoco.be\/wp-content\/uploads\/2022\/12\/ALICECocoA-2-scaled.jpg);text-align: left\">\n\t<\/div><div class=\"edgt-vss-ms-section\"  style=\"background-image: url(http:\/\/aliceetcoco.be\/wp-content\/uploads\/2022\/12\/LIGHTAliceEtCoco_Illustrations_02-CUT-scaled.jpg);text-align: left\">\n\t<div class=\"edgt-elements-holder   edgt-one-column  edgt-responsive-mode-768 \" ><div class=\"edgt-eh-item    \"  data-item-class=\"edgt-eh-custom-3149\" data-1280-1600=\"0 15% 1% 19%\" data-1024-1280=\"0 17.5% 1% 17.5%\" data-768-1024=\"19% 15% 7% 19%\" data-680-768=\"15% 15% 16% 18.5%\" data-680=\"32% 7% 0% 7%\">\n\t<div class=\"edgt-eh-item-inner\">\n\t\t<div class=\"edgt-eh-item-content edgt-eh-custom-3149\" style=\"padding: 0 15% 16% 19%\">\n\t\t\t<div class=\"edgt-section-title-holder  edgt-st-standard edgt-st-title-left edgt-st-normal-space \" >\n\t<div class=\"edgt-st-inner\">\n\t\t\t\t\t\t\t<h3 class=\"edgt-st-title\" style=\"color: #3d3d3d;margin-top: 15px\">\n\t\t\t\tDes produits sains\t\t\t<\/h3>\n\t\t\t\t\t\t\t<p class=\"edgt-st-text\" style=\"color: #2e2e2e\">\n\t\t\t\tAlice et Coco sont les deux filles respectives des fondateurs. Nous proposons uniquement des farines qualitatives BIO, label rouge ou agriculture raisonn\u00e9e. Nous n'utilisons aucun mix, pas d'additifs, ni de colorants artificiels. Alice et Coco mangent sain, vous aussi.\t\t\t<\/p>\n\t\t\t<\/div>\n<\/div>\t\t<\/div>\n\t<\/div>\n<\/div><\/div><\/div><div class=\"edgt-vss-ms-section\"  style=\"background-image: url(http:\/\/aliceetcoco.be\/wp-content\/uploads\/2022\/12\/WhatsApp-Image-2022-12-29-at-11.45.43.jpeg);text-align: left\">\n\t<\/div><div class=\"edgt-vss-ms-section\"  style=\"background-image: url(http:\/\/aliceetcoco.be\/wp-content\/uploads\/2022\/12\/LIGHTAliceEtCoco_Illustrations_05-Copie-2-scaled.jpg);text-align: left\">\n\t<div class=\"edgt-elements-holder   edgt-one-column  edgt-responsive-mode-768 \" ><div class=\"edgt-eh-item    \"  data-item-class=\"edgt-eh-custom-6221\" data-1280-1600=\"0 14% 0 18.8%\" data-1024-1280=\"0 17% 0 17.6%\" data-768-1024=\"17% 22% 0 22%\" data-680-768=\"30% 29.5% 0 18.5%\" data-680=\"7% 12% 0 7%\">\n\t<div class=\"edgt-eh-item-inner\">\n\t\t<div class=\"edgt-eh-item-content edgt-eh-custom-6221\" style=\"padding: 0 14% 0 22%\">\n\t\t\t<div class=\"edgt-section-title-holder  edgt-st-standard edgt-st-title-left edgt-st-normal-space \" >\n\t<div class=\"edgt-st-inner\">\n\t\t\t\t\t\t\t<h3 class=\"edgt-st-title\" style=\"color: #363636;margin-top: 15px\">\n\t\t\t\tTable gourmande\t\t\t<\/h3>\n\t\t\t\t\t\t\t<p class=\"edgt-st-text\" style=\"color: #2e2e2e\">\n\t\t\t\tAutour de nos produits boulangers nous proposons au fil des jours des petits menus qui vous permettent de vous restaurer \u00e0 des prix abordables. Focaccia garnie, pizzas boulang\u00e8res, tartes du monde, venez d\u00e9couvrir notre carte qui change au gr\u00e9 des saisons.\t\t\t<\/p>\n\t\t\t<\/div>\n<\/div>[vc_empty_space height=\u00a0\u00bb26px\u00a0\u00bb]\t\t<\/div>\n\t<\/div>\n<\/div><\/div><\/div><div class=\"edgt-vss-ms-section\"  style=\"background-image: url(http:\/\/aliceetcoco.be\/wp-content\/uploads\/2017\/07\/masonry-gallery-img-2.jpg);text-align: left\">\n\t<\/div><div class=\"edgt-vss-ms-section\"  style=\"text-align: left\">\n\t<div class=\"edgt-elements-holder edgt-custom-padding-top  edgt-one-column  edgt-responsive-mode-768 \" ><div class=\"edgt-eh-item    \"  data-item-class=\"edgt-eh-custom-5901\" data-1024-1280=\"7% 0 0 10%\" data-768-1024=\"0 0 0 19%\" data-680-768=\"0 0 0 15%\" data-680=\"0px 0 3% 5%\">\n\t<div class=\"edgt-eh-item-inner\">\n\t\t<div class=\"edgt-eh-item-content edgt-eh-custom-5901\" style=\"padding: 0 0 0 15%\">\n\t\t\t<div class=\"edgt-section-title-holder  edgt-st-standard edgt-st-title-left edgt-st-normal-space \" >\n\t<div class=\"edgt-st-inner\">\n\t\t\t\t\t\t\t<h3 class=\"edgt-st-title\" style=\"color: #363636;margin-top: 17px\">\n\t\t\t\tContactez nous\t\t\t<\/h3>\n\t\t\t\t\t<\/div>\n<\/div>\t\t<\/div>\n\t<\/div>\n<\/div><\/div><div class=\"edgt-elements-holder   edgt-two-columns  edgt-responsive-mode-1024 \" ><div class=\"edgt-eh-item    \"  data-item-class=\"edgt-eh-custom-1521\" data-1280-1600=\"2% 7% 0% 30%\" data-1024-1280=\"2% 0 0% 20.5%\" data-768-1024=\"2% 43% 0% 19%\" data-680-768=\"2% 37% 0% 15%\" data-680=\"2% 0 0% 5.5%\">\n\t<div class=\"edgt-eh-item-inner\">\n\t\t<div class=\"edgt-eh-item-content edgt-eh-custom-1521\" style=\"padding: 2% 0 0% 29.5%\">\n\t\t\t<div class=\"edgt-iwt clearfix  edgt-iwt-icon-left edgt-iwt-icon-tiny\">\n\t<div class=\"edgt-iwt-icon\">\n\t\t\t\t\t<a itemprop=\"url\" href=\"#\" target=\"_self\">\n\t\t\t\t\t\t\t\t\t    <span class=\"edgt-icon-shortcode edgt-normal   edgt-icon-tiny\"  data-color=\"#9f8a7b\">\n                    <i class=\"edgt-icon-linea-icon icon-basic-geolocalize-05 edgt-icon-element\" style=\"color: #9f8a7b;font-size:18px\" ><\/i>            <\/span>\n\t\t\t\t\t\t\t\t<\/a>\n\t\t\t<\/div>\n\t<div class=\"edgt-iwt-content\" >\n\t\t\t\t\t\t\t\t\t<p class=\"edgt-iwt-text\" style=\"margin-top: 4px\">Chauss\u00e9e d&#039;Ixelles 329, 1040 Ixelles<\/p>\n\t\t\t<\/div>\n<\/div><div class=\"edgt-iwt clearfix  edgt-iwt-icon-left edgt-iwt-icon-tiny\">\n\t<div class=\"edgt-iwt-icon\">\n\t\t\t\t\t<a itemprop=\"url\" href=\"#\" target=\"_self\">\n\t\t\t\t\t\t\t\t\t    <span class=\"edgt-icon-shortcode edgt-normal   edgt-icon-tiny\"  data-color=\"#9f8a7b\">\n                    <i class=\"edgt-icon-linea-icon icon-basic-home edgt-icon-element\" style=\"color: #9f8a7b;font-size:18px\" ><\/i>            <\/span>\n\t\t\t\t\t\t\t\t<\/a>\n\t\t\t<\/div>\n\t<div class=\"edgt-iwt-content\" >\n\t\t\t\t\t\t\t\t\t<p class=\"edgt-iwt-text\" style=\"margin-top: 4px\">Bruxelles<\/p>\n\t\t\t<\/div>\n<\/div>\t\t<\/div>\n\t<\/div>\n<\/div><div class=\"edgt-eh-item    \"  data-item-class=\"edgt-eh-custom-4659\" data-1024-1280=\"2% 4% 0 1%\" data-768-1024=\"2% 38% 0 19%\" data-680-768=\"2% 27% 0 15%\" data-680=\"2% 4% 5% 5.5%\">\n\t<div class=\"edgt-eh-item-inner\">\n\t\t<div class=\"edgt-eh-item-content edgt-eh-custom-4659\" style=\"padding: 2% 5% 0 2%\">\n\t\t\t<div class=\"edgt-iwt clearfix  edgt-iwt-icon-left edgt-iwt-icon-tiny\">\n\t<div class=\"edgt-iwt-icon\">\n\t\t\t\t\t<a itemprop=\"url\" href=\"#\" target=\"_self\">\n\t\t\t\t\t\t\t\t\t    <span class=\"edgt-icon-shortcode edgt-normal   edgt-icon-tiny\"  data-color=\"#9f8a7b\">\n                    <i class=\"edgt-icon-linea-icon icon-basic-pin2 edgt-icon-element\" style=\"color: #9f8a7b;font-size:18px\" ><\/i>            <\/span>\n\t\t\t\t\t\t\t\t<\/a>\n\t\t\t<\/div>\n\t<div class=\"edgt-iwt-content\" >\n\t\t\t\t\t\t\t\t\t<p class=\"edgt-iwt-text\" style=\"margin-top: 4px\">Tel: +32 (02) 385 08 45<\/p>\n\t\t\t<\/div>\n<\/div><div class=\"edgt-iwt clearfix  edgt-iwt-icon-left edgt-iwt-icon-tiny\">\n\t<div class=\"edgt-iwt-icon\">\n\t\t\t\t\t<a itemprop=\"url\" href=\"#\" target=\"_self\">\n\t\t\t\t\t\t\t\t\t    <span class=\"edgt-icon-shortcode edgt-normal   edgt-icon-tiny\"  data-color=\"#9f8a7b\">\n                    <i class=\"edgt-icon-linea-icon icon-basic-folder-multiple edgt-icon-element\" style=\"color: #9f8a7b;font-size:18px\" ><\/i>            <\/span>\n\t\t\t\t\t\t\t\t<\/a>\n\t\t\t<\/div>\n\t<div class=\"edgt-iwt-content\" >\n\t\t\t\t\t\t\t\t\t<p class=\"edgt-iwt-text\" style=\"margin-top: 4px\">Email: info @ aliceetcoco . be<\/p>\n\t\t\t<\/div>\n<\/div>\t\t<\/div>\n\t<\/div>\n<\/div><\/div><\/div><\/div><div class=\"edgt-vss-ms-right\"><div class=\"edgt-vss-ms-section\"  style=\"background-image: url(http:\/\/aliceetcoco.be\/wp-content\/uploads\/2022\/12\/ALICECocoB-2-scaled.jpg);padding: 0 0 0 0;text-align: left\">\n\t<div class=\"edgt-elements-holder   edgt-one-column  edgt-responsive-mode-768 \" ><div class=\"edgt-eh-item    \"  data-item-class=\"edgt-eh-custom-3718\" data-1280-1600=\"16% 17% 1% 21%\" data-1024-1280=\"17% 15% 0% 17%\" data-768-1024=\"24% 18% 13% 19%\" data-680-768=\"28% 17% 0% 18.5%\" data-680=\"19% 7% 7% 7%\">\n\t<div class=\"edgt-eh-item-inner\">\n\t\t<div class=\"edgt-eh-item-content edgt-eh-custom-3718\" style=\"padding: 10% 20% 13% 23%\">\n\t\t\t<div class=\"edgt-section-title-holder  edgt-st-standard edgt-st-title-left edgt-st-normal-space \" >\n\t<div class=\"edgt-st-inner\">\n\t\t\t\t\t\t\t<h3 class=\"edgt-st-title\" style=\"color: #2e2e2e;margin-top: 15px\">\n\t\t\t\tBoulangerie artisanale\t\t\t<\/h3>\n\t\t\t\t\t\t\t<p class=\"edgt-st-text\" style=\"color: #2e2e2e\">\n\t\t\t\tAlice &amp; Coco est une boulangerie artisanale qui a pour mission de proposer des produits sains, originaux et accessibles. Venez d\u00e9guster nos produits boulangers dans un espace unique et convivial dans le quartier vivant de Flagey.\t\t\t<\/p>\n\t\t\t<\/div>\n<\/div>[vc_empty_space height=\u00a0\u00bb10px\u00a0\u00bb]\t\t<\/div>\n\t<\/div>\n<\/div><\/div><\/div><div class=\"edgt-vss-ms-section\"  style=\"background-image: url(http:\/\/aliceetcoco.be\/wp-content\/uploads\/2022\/12\/WhatsApp-Image-2022-12-29-at-12.47.35.jpeg);text-align: left\">\n\t<\/div><div class=\"edgt-vss-ms-section\"  style=\"background-image: url(http:\/\/aliceetcoco.be\/wp-content\/uploads\/2022\/12\/LIGHTAliceEtCoco_Illustrations_07-CUT-1-scaled.jpg);text-align: left\">\n\t<div class=\"edgt-elements-holder   edgt-one-column  edgt-responsive-mode-768 \" ><div class=\"edgt-eh-item   edgt-horizontal-alignment-center \"  data-item-class=\"edgt-eh-custom-1129\" data-1280-1600=\"0 17%\" data-1024-1280=\"0 17%\" data-768-1024=\"22% 22% 0 22%\" data-680-768=\"40% 16% 0 16%\" data-680=\"20% 5% 7% 5%\">\n\t<div class=\"edgt-eh-item-inner\">\n\t\t<div class=\"edgt-eh-item-content edgt-eh-custom-1129\" style=\"padding: 0 18%\">\n\t\t\t<div class=\"edgt-section-title-holder  edgt-st-standard edgt-st-title-left edgt-st-normal-space \" style=\"text-align: center\">\n\t<div class=\"edgt-st-inner\">\n\t\t\t\t\t\t\t<h3 class=\"edgt-st-title\" style=\"color: #363636;margin-top: 15px\">\n\t\t\t\tUn environnement unique\t\t\t<\/h3>\n\t\t\t\t\t\t\t<p class=\"edgt-st-text\" style=\"color: #2e2e2e\">\n\t\t\t\tLe lieu mythique du Dolma accueille aujourd'hui Alice &amp; Coco. Nous avons respect\u00e9 l'esprit de ce lieu convivial avec ses alc\u00f4ves ou il fait bon voir passer le temps. Notre atelier est visible car nous n'avons rien \u00e0 cacher.\t\t\t<\/p>\n\t\t\t<\/div>\n<\/div>[vc_empty_space height=\u00a0\u00bb15px\u00a0\u00bb]\t\t<\/div>\n\t<\/div>\n<\/div><\/div><\/div><div class=\"edgt-vss-ms-section\"  style=\"background-image: url(http:\/\/aliceetcoco.be\/wp-content\/uploads\/2022\/12\/WhatsApp-Image-2022-12-29-at-13.07.53-1.jpeg);text-align: left\">\n\t<\/div><div class=\"edgt-vss-ms-section\"  style=\"background-image: url(http:\/\/aliceetcoco.be\/wp-content\/uploads\/2022\/12\/dog.png);text-align: left\">\n\t<div class=\"edgt-elements-holder   edgt-one-column  edgt-responsive-mode-768 \" ><div class=\"edgt-eh-item   edgt-horizontal-alignment-center \"  data-item-class=\"edgt-eh-custom-2444\" data-1280-1600=\"0 6%\" data-1024-1280=\"5% 3% 0 3%\" data-768-1024=\"20% 10% 0 10%\" data-680-768=\"33% 8% 0 8%\" data-680=\"20% 5% 7% 5%\">\n\t<div class=\"edgt-eh-item-inner\">\n\t\t<div class=\"edgt-eh-item-content edgt-eh-custom-2444\" style=\"padding: 0 10%\">\n\t\t\t<div class=\"edgt-section-title-holder  edgt-st-standard edgt-st-title-left edgt-st-normal-space \" >\n\t<div class=\"edgt-st-inner\">\n\t\t\t\t\t\t\t<h3 class=\"edgt-st-title\" style=\"color: #2e2e2e;margin-top: 15px\">\n\t\t\t\tAutour de la boulangerie\t\t\t<\/h3>\n\t\t\t\t\t\t\t<p class=\"edgt-st-text\" style=\"color: #2e2e2e\">\n\t\t\t\tNous proposons un assortiment de tartes, p\u00e2tisseries et g\u00e2teaux de voyages. Nos inspirations viennent du monde. Nous travaillons nos mati\u00e8res premi\u00e8res et proposons une gamme de produits qualitatifs autour de la boulangerie.\t\t\t<\/p>\n\t\t\t<\/div>\n<\/div>[vc_empty_space height=\u00a0\u00bb15px\u00a0\u00bb]\t\t<\/div>\n\t<\/div>\n<\/div><\/div><\/div><div class=\"edgt-vss-ms-section\"  style=\"background-image: url(http:\/\/aliceetcoco.be\/wp-content\/uploads\/2022\/12\/ALICECoco1-Copie-scaled.jpg);text-align: center\">\n\t<div class=\"edgt-google-map-holder\">\n\t<div class=\"edgt-google-map\" id=\"edgt-map-465484\" data-addresses='[\"Chauss\u00e9e d&#039;ixelles 329, 1040 Ixelles\"]' data-custom-map-style=no data-color-overlay=#393939 data-saturation=-100 data-lightness=-60 data-zoom=12 data-pin=http:\/\/aliceetcoco.be\/wp-content\/uploads\/2017\/07\/pin.png data-unique-id=465484 data-scroll-wheel=no data-height=100% data-predefined-style=yes><\/div>\n\t\t\t<div class=\"edgt-google-map-overlay\"><\/div>\n\t<\/div>\n<\/div><\/div><\/div>[\/vc_column][\/vc_row]<\/p>\n","protected":false},"excerpt":{"rendered":"<p>[vc_row][vc_column][\/vc_column][\/vc_row]<\/p>\n","protected":false},"author":1,"featured_media":0,"parent":0,"menu_order":0,"comment_status":"closed","ping_status":"closed","template":"full-width.php","meta":{"footnotes":""},"class_list":["post-1222","page","type-page","status-publish","hentry"],"_links":{"self":[{"href":"http:\/\/aliceetcoco.be\/index.php\/wp-json\/wp\/v2\/pages\/1222","targetHints":{"allow":["GET"]}}],"collection":[{"href":"http:\/\/aliceetcoco.be\/index.php\/wp-json\/wp\/v2\/pages"}],"about":[{"href":"http:\/\/aliceetcoco.be\/index.php\/wp-json\/wp\/v2\/types\/page"}],"author":[{"embeddable":true,"href":"http:\/\/aliceetcoco.be\/index.php\/wp-json\/wp\/v2\/users\/1"}],"replies":[{"embeddable":true,"href":"http:\/\/aliceetcoco.be\/index.php\/wp-json\/wp\/v2\/comments?post=1222"}],"version-history":[{"count":54,"href":"http:\/\/aliceetcoco.be\/index.php\/wp-json\/wp\/v2\/pages\/1222\/revisions"}],"predecessor-version":[{"id":5633,"href":"http:\/\/aliceetcoco.be\/index.php\/wp-json\/wp\/v2\/pages\/1222\/revisions\/5633"}],"wp:attachment":[{"href":"http:\/\/aliceetcoco.be\/index.php\/wp-json\/wp\/v2\/media?parent=1222"}],"curies":[{"name":"wp","href":"https:\/\/api.w.org\/{rel}","templated":true}]}}